= -b - l, 2*b - 20 = 5*l. Suppose 5*x + 4*r - 23 = 2*r, 14 = 2*x + 2*r. Calculate the remainder when 1 - -16 - (x + -3) is divided by b.
2
Let u(i) = -i**3 + 3*i**2 - 2. Let a be u(2). Suppose -3*q + 24 = a*m - m, -4*q = 3*m - 52. Calculate the remainder when 44 is divided by m.
8
Suppose 0 = 48*f - 4044 - 4932. Calculate the remainder when f is divided by 38.
35
Suppose 5*q = -3*v + 15, 5*q - 3*v - 15 = -0*v. Suppose -y + 5*m + 16 = 0, 0 = 4*y - q*m - 4 - 60. Calculate the remainder when 191 is divided by y.
15
Let b(p) = 15*p + 57. What is the remainder when b(0) is divided by 48?
9
Let s(q) = 23*q - 107. What is the remainder when 129 is divided by s(7)?
21
Let q(g) = -g**3 + 32*g**2 - 95*g - 34. Calculate the remainder when q(28) is divided by 12.
10
Suppose d = 2, 5*f - 100 = -2*d - 56. Calculate the remainder when -25*((-12)/10 + 0) is divided by f.
6
Suppose 5*v + q = 10, -5*q + 49 - 20 = 4*v. Calculate the remainder when ((-49)/(-2))/((-3)/(-6)) is divided by (0 - 50/(-5))*v.
9
Let q(t) = 4*t**2 - 6*t - 58. Calculate the remainder when q(-6) is divided by 39.
5
Let x be 3*(-4 - (-22)/6) - -1. Suppose -c + 13 = -x*c. What is the remainder when (-725)/(-15) - (-1)/(-3) is divided by c?
9
Let t(a) = -a**2 + 2*a**2 + 22 - 18 + 23 + 8*a. What is the remainder when 27 is divided by t(-6)?
12
Suppose -2*l - 3*n = 1 - 54, l - 49 = 3*n. Calculate the remainder when l is divided by 12.
10
Let o(h) = 26*h - 23. Calculate the remainder when 62 is divided by o(3).
7
Let l(i) = -3*i**2 - 48*i + 3. Let u be l(-16). Suppose 2*m = -b - 2*m - 5, -3*m + 12 = u*b. Calculate the remainder when 39 is divided by b.
4
Let i = 559 + -521. Let k(v) = 4*v**2 + 2*v + 1. What is the remainder when i is divided by k(-2)?
12
Suppose d - 28 = -28. Suppose -48 = -8*s - d*s. What is the remainder when 16 is divided by s?
4
Suppose 20 = -2*s + 4*h, 2*h - 7*h + 24 = -2*s. Let n be 194/4 - (-3)/s. Let a = n + -30. What is the remainder when 32 is divided by a?
15
Let z be ((-40)/(-24))/(3/(-18)). What is the remainder when (15/(-4))/((-9)/168) is divided by 320/18 + z/(-45)?
16
Calculate the remainder when 369 is divided by (333/(-6))/(-5 + (-42)/(-12)).
36
Suppose -29 = 2*v - 101. What is the remainder when 430 is divided by v?
34
Let h be ((-2)/6)/((-2)/6). Let y(s) = -s**2 - s + 13. Calculate the remainder when y(0) is divided by (1 + h)/((-1)/(-2)).
1
Let h(w) = 18*w - 24*w - 18*w. Let z be h(-1). Calculate the remainder when 175*(2 + z/(-15)) is divided by 18.
16
Suppose 257 = 27*g - 634. Calculate the remainder when 593 is divided by g.
32
Suppose 3*g = 5*r - 21, -r + 3*g + 6 + 3 = 0. Suppose 0 = k + r, 3*x - k + 6 = -5*k. Calculate the remainder when 40 is divided by 23 + -5 + x + 1.
19
Let k(u) = -u**3 + 13*u**2 - 3*u + 48. Calculate the remainder when 1 + 24 - (-1 + 2) is divided by k(13).
6
Suppose -2*x = -5*x + 12. Suppose x*b = 5*b - 24. What is the remainder when 94 is divided by b?
22
Let i = -54 + 50. Let m = i + 12. Calculate the remainder when 31 is divided by m.
7
Suppose 4*n = 8, o - 6 - 1 = 4*n. Suppose 0*g + 2*g - 144 = 0. Calculate the remainder when g is divided by o.
12
Let x = 1282 - 1271. What is the remainder when 73 is divided by x?
7
Suppose 90*p - 2256 = 354. What is the remainder when 549 is divided by p?
27
Let k(g) = -g**2 + 11*g + 25. Suppose 2 = -4*i + 26. What is the remainder when k(11) is divided by i?
1
Let c(u) = 32*u - 9. Let b be c(3). Let x = 127 - b. What is the remainder when 79 is divided by x?
39
Let z(a) = a**2 - 4*a + 5. Let n = 5 - 1. Let g(v) = v**2 + 10*v + 25. Calculate the remainder when z(n) is divided by g(-7).
1
Suppose -31 = -6*q - 13. Suppose -4*f = -f - 93. Calculate the remainder when f is divided by 38 - 24 - 1*q.
9
Suppose 2*d + 0*d = 4. Suppose d*t = -2*t - 20. Let q(i) = -i**2 - 9*i - 9. Calculate the remainder when q(t) is divided by 4.
3
Let y = 188 + -177. Calculate the remainder when 86/3 - 6/9 is divided by y.
6
Suppose -12 = 2*p - 5*p. Let o = p + -16. What is the remainder when 23 is divided by 62/8 - 3/o?
7
Let a(u) = 23 + 11*u + 8*u - 18*u + 61. What is the remainder when a(-6) is divided by 20?
18
Suppose 9 + 5 = s. Let j be (-202)/(-9) - (-8)/(-18). Suppose -4*y + 2*y + 31 = 5*d, -5*d + j = -y. Calculate the remainder when s is divided by y.
2
Let d = -65 - -92. Suppose 498 - 2793 = -45*f. What is the remainder when f is divided by d?
24
Suppose 23*j = 12*j. Suppose -w + 4*w = 12. Suppose 0 = t + 3*x - 61, w*t = -j*t - x + 211. What is the remainder when t is divided by 18?
16
Let i = 93 - 90. Suppose 8*p + i*p = 286. What is the remainder when p is divided by 14?
12
Let z(b) = -6*b**3 + 3*b + 3. What is the remainder when 19 is divided by z(-1)?
1
Let o = 25 - -7. Suppose -9*u = -21*u - 312. What is the remainder when (-4)/(-12) - 14*u/6 is divided by o?
29
Suppose 6*t - t - 25 = 0. Let m(v) = -v + 14. Let b = 0 - 13. Calculate the remainder when m(b) is divided by t.
2
Suppose 320*x = 299*x + 315. Calculate the remainder when 3807 is divided by x.
12
Calculate the remainder when 176 is divided by 23/(-46) + (-171)/(-6).
8
Suppose -870 = -4*c - m, -c = -0*c + m - 216. Calculate the remainder when c is divided by 17.
14
Let w(d) be the second derivative of 7*d**3/3 - 3*d**2/2 + d. Suppose -o = 3*n - 38, -4*n + 189 - 13 = 4*o. What is the remainder when o is divided by w(2)?
22
Suppose 20*b - 8 = 22*b. Let d(q) = -q**3 - 2*q**2 + 2*q. What is the remainder when 46 is divided by d(b)?
22
Suppose 188*t - 45 = 187*t. What is the remainder when t is divided by 16?
13
Let n(p) = 2*p**2 - p - 53. Calculate the remainder when n(12) is divided by 56.
55
Let s = -213 - -335. Suppose 3*f = 5*d + 213, -2*d - d = 4*f + s. Calculate the remainder when 15/6*d/(-5) is divided by 12.
9
Let x(f) = -2*f**2 + 27. Let m be 3/15 + (-11)/5. Let a(p) = 2*p**2 + 3*p + 3. What is the remainder when x(0) is divided by a(m)?
2
Let x = 13 - 0. What is the remainder when 52 is divided by x*1 + 12 + -14?
8
Suppose -2*b - 4*q = -7*q - 464, 1186 = 5*b - q. Calculate the remainder when b is divided by 60.
58
Let n(r) = r - 10. Let j be n(5). Let s = 153 - j. Suppose 5*a - 17 = s. Calculate the remainder when a is divided by 18.
17
Let q(h) = 10*h - 48. Calculate the remainder when 173 is divided by q(7).
19
Suppose 10*v - 7*v = 159. Suppose -4*j = -67 - 5. What is the remainder when v is divided by j?
17
Let r(t) be the third derivative of -t**4/6 - 16*t**3/3 + 4*t**2. Calculate the remainder when 54 + (2 + -1)/1 is divided by r(-15).
27
Suppose 20*q - 11*q = 675. What is the remainder when q is divided by 13?
10
Suppose 2*a = 2*t - 5*t + 52, 4*t - 51 = a. Suppose 73*u + 30 = 78*u. What is the remainder when 45 is divided by 92/u + t/21?
13
Let z = -1468 - -1608. Calculate the remainder when z is divided by 40.
20
Let z = -23 - -44. Suppose 0 = 2*s - z - 27. Let w(o) = 3*o**2 - 20*o - 215. Calculate the remainder when w(14) is divided by s.
21
Let h = 98 + -20. Let f be (-164)/(-14) - (-2)/7. Suppose -8 = -z + f. Calculate the remainder when h is divided by z.
18
Suppose 2*c + 2*g - 7*g - 30 = 0, 30 = 2*c - g. Let t(m) = -m**2 - 4*m + 3. What is the remainder when c is divided by t(-3)?
3
Let t = 2 - -1. Let y(o) = o**2 - 4*o - 11. Calculate the remainder when t is divided by y(6).
0
Let o = -59 + 146. Calculate the remainder when o is divided by 15.
12
Suppose 0*v + 2*v = 72. Suppose 2*q - v = -2*p - q, 4*p - 5*q = 116. Calculate the remainder when (-59)/(-5) + p/(-30) is divided by 6.
5
Suppose -56*y = -20*y - 1224. Calculate the remainder when 134 is divided by y.
32
What is the remainder when 155 is divided by -16*((-162)/24 - -6)?
11
Suppose -203*s + 880 = -193*s. What is the remainder when s is divided by 45?
43
Suppose -n + 93 = 4*l, -2*n - 5*l = -254 + 53. Let h = n + -68. What is the remainder when h is divided by 16?
13
Suppose 35*m = 28*m + 553. Calculate the remainder when 3632 is divided by m.
77
Suppose 6*q - 90 + 36 = 0. What is the remainder when 71 is divided by q?
8
Let a = -487 - -596. Calculate the remainder when a is divided by 41.
27
Let i(j) = 2*j**2 - 15*j + 26. What is the remainder when i(9) is divided by 13?
1
What is the remainder when 2/(-26) - (20317/(-143) + -4) is divided by 114?
32
Suppose -2*